 Determine a(-6).
16
Let r(i) = -1 - 3 + i**2 + 4*i - 3. Let t(y) = 3*y**2 - 22*y - 286. Let s be t(14). Determine r(s).
5
Let a(u) = 4 - 1 + 3*u**2 + 6*u - 2*u. Let c = 46 - 43. Suppose l + 2*o - 3 = c*o, 3*o = 2*l - 11. Calculate a(l).
7
Let y(i) = -i**3 + 2. Let q be -9 + -15 + 10 + 17. Give y(q).
-25
Let d(y) = y - 2. Suppose 42 = 6*g, 5*n - 16*g - 11 = -14*g. Determine d(n).
3
Let q(h) = -3*h**2 - 3*h - 8. Let c be (48/(-160)*-5)/(9/(-12)). Calculate q(c).
-14
Let l(z) = -17*z**2 + 17*z + 21. Let q(b) = 29*b**2 - 35*b - 42. Let n(d) = -7*l(d) - 4*q(d). What is n(-6)?
3
Suppose 2 = 3*j - 1. Let v = 152 - 150. Let d(x) = 674 + 3*x**3 + v*x**3 - 2*x**2 - 673. Give d(j).
4
Let a(i) = -i + 1. Let m be 423/94 - (-2)/4. Suppose m*h + 2*t + 33 = 0, 0 = 5*h - t - t + 17. What is a(h)?
6
Let t(w) = -40*w + 0 + 4 + 39*w + 2 - w**2. What is t(-7)?
-36
Let y be (-1)/((-4)/8)*(6 - 5). Let g(a) = 0 + a**2 - 225*a + 229*a - y. Give g(-7).
19
Suppose 0 = -4*j + 2*n + 11 - 151, 0 = -3*j - 2*n - 112. Let v be (0 - 1)/((-12)/j) - -17. Let y(i) = v*i - 5*i - 12 - 5*i - 6*i. What is y(-9)?
6
Let r(p) = 1982 + 1977 + 0*p**2 - 2*p - 3958 - 3*p**2. Let t = 4 + -2. Determine r(t).
-15
Let a(p) be the second derivative of p**5/10 + 2*p**4/3 - p**3/3 + 11*p**2/2 - 2272*p. Calculate a(-6).
-121
Suppose -2*o = 3*b + 1, 5*b - 13 = -0*o + 4*o. Suppose 247 = -3*a + 376. Let t(c) = -40*c - a*c + c**2 + 81*c - 3. What is t(o)?
5
Let v(j) = -j**3 - 6*j**2 - 6*j - 7. Let w = -14 + 16. Suppose -w*y + 10 = -4*s, s + 2*s = 5*y - 25. Suppose -5*k - 5*p = s, 3*p = 2*k + 4*p + 5. What is v(k)?
-2
Let f(b) = b**2 + 4*b - 2. Let p = -4138 + 4133. Determine f(p).
3
Let f(g) = -g**3 - 5*g**2. Suppose 0 = 3*j - 3*y + 21, 3*j - 12 - 2 = -4*y. Let r = j - -46. Suppose r*w + 10 = 42*w. Determine f(w).
0
Let p(i) = -i + 5. Let d(u) = -u**3 + u**2 - 9*u + 227. Let x be d(6). What is p(x)?
12
Let z = 197 + -193. Suppose b - a = 4*a + 4, z*a - 22 = 5*b. Let v(i) = -i**2 - 9*i - 7. Calculate v(b).
11
Let m(c) = c**3 - 5*c**2 + 2. Let h(z) = 3*z**3 - 9*z**2 - 6*z - 5. Let l(d) = h(d) - 2*m(d). Give l(-3).
-9
Let r(q) = q**2 - 5. Let m(j) = -4*j**2 + j + 21. Let x(t) = 2*m(t) + 9*r(t). Let b = -19 + 17. Let w(o) = -3*o - 4. Let u be w(b). What is x(u)?
5
Suppose -161*g - 270 = 374. Let v(c) be the first derivative of -2*c**3/3 - 3*c**2/2 - 3*c + 3. Give v(g).
-23
Let v(f) = f**2 - 5*f + 1. Let y = -1966 - -1968. Let z = 12 - 7. Suppose 30 = 5*j - z*u, 3*u = -2*j + y*u + 6. Calculate v(j).
-3
Let c(o) = o**3 - o + 330 + o + 5*o**2 - 325. Determine c(-4).
21
Let s(a) = 3*a + 26. Let i be s(-6). Suppose -4*k = i, -4*u + 4*k = -13 - 3. Let z(g) = 10 - u*g + 4*g - 5. What is z(-4)?
-3
Let n(u) = 114711*u - 16 - 27 - 114707*u. Calculate n(16).
21
Let j(a) = 1 - 194*a**2 - 184*a**2 - 181*a**2 + 508*a**2. Let b be 0 + (-4)/8*2. Calculate j(b).
-50
Let d(b) = -9*b - 124. Let y(z) = -z**3 + 5*z**2 + 32*z - 172. Let q be y(5). What is d(q)?
-16
Let q = -552 + 548. Let x(h) = -h**2 - 4*h + 10. What is x(q)?
10
Suppose 4*p - 3*x = -43 - 18, -5*p - 56 = 3*x. Let k(u) be the third derivative of u**6/120 + 7*u**5/30 + 13*u**4/24 - u**3 - 299*u**2. Determine k(p).
-6
Let h(m) = -m. Let w(k) = k**2 + 8*k + 11. Let u(p) = 3*h(p) - w(p). Let r(b) = 4*b - 63. Let a be r(13). Give u(a).
-11
Let x(y) = -5*y**2 + 3126*y + 2 + 3138*y - y**3 - 6266*y. Suppose -5*s + 2*j - 70 = -j, 3*j + 70 = -5*s. Let w be s/4 - 6/(-12). Determine x(w).
-10
Let i(g) = g**2 + 96*g - 275. Let d be i(-99). Let a(l) = -l**3 + 23*l**2 - 27*l + 16. What is a(d)?
-94
Let r(x) = x + 1. Let y(v) = 2*v + 4. Let h(w) = -r(w) + y(w). Let q be (-3)/(-3)*(16 - 5). Suppose 14*a - 12*a = 5*s + q, -4*s = 5*a - 11. Calculate h(a).
6
Suppose 13 = -2*h + 1. Let z be 1*-14*(h - 13/(-2)). Let t(a) = a - 10. What is t(z)?
-17
Let i(a) = 21*a + 27. Let b(o) = -25*o - 27. Let f(d) = -5*b(d) - 6*i(d). Give f(-21).
-6
Suppose 3*p - 2 + 11 = 0. Let g(f) be the second derivative of f**3/6 + 3*f**2/2 - 130*f + 21. What is g(p)?
0
Suppose -3*a = 4*j - 50 - 1, -5*a = 2*j - 43. Let u(d) = -d + 15. Let w(t) = t - 1. Let x(l) = u(l) + 2*w(l). Calculate x(j).
22
Let h(s) = -4*s. Let t(p) = -22*p - 11. Let i(u) = -5*u - 3. Let l(q) = -11*i(q) + 3*t(q). Let y(w) = 8*h(w) - 3*l(w). Give y(6).
6
Let n = -382 - -384. Suppose 0 = f - 1 + 6, 3*l - 8 = -n*f. Let o(v) = -3*v + 1. What is o(l)?
-17
Suppose -16*h + 58*h - 84 = 0. Let p(q) = -q**h + 54 - 106 + 51 + 0*q**2. Calculate p(-2).
-5
Let f(k) be the third derivative of -1/60*k**5 - 2 + 3/2*k**3 + 5/24*k**4 + k**2 + 0*k. Determine f(8).
-15
Let f(z) = -4*z - z + z - 26 + 5 + 3*z. Determine f(-11).
-10
Let x(r) = -1 + 0*r - 3*r + 4*r. Suppose -414*g + 36 = -417*g. Let a be (g/(-90)*-6)/((-2)/(-20)). What is x(a)?
-9
Let o(s) = s**3 + 2*s**2 + 1. Let i(a) = 7*a**3 + 20*a**2 + 19*a + 92. Let n(x) = i(x) - 6*o(x). Calculate n(-7).
2
Let j(m) = -3*m - 26. Let a be (-1518)/165 - (-24)/20. Determine j(a).
-2
Let s(x) = 86 + 23 - 55 - 11*x + 11. What is s(13)?
-78
Let i(y) = y**2 + 97*y - 22. Let v(j) = -j**2 - 115*j + 24. Let l(a) = -7*i(a) - 6*v(a). Give l(12).
-2
Suppose 2*c = -0*c + 2. Let f = 481 + -478. Let b(v) = -3*v**3 - 3*v**3 - 1 + 3*v**3 + v - v**2 + 5*v**f. Determine b(c).
1
Suppose -438*t + 54 = -455*t - 82. Let i(c) = -14*c - 129. What is i(t)?
-17
Let q be (9/(-6))/3*-14. Let m(t) = 3*t**2 - 16 - 30 + 54 - 10*t + 2*t**2 - 4*t**2. Calculate m(q).
-13
Let k(i) be the third derivative of i**5/60 + 5*i**4/24 - 2*i**3/3 - 9*i**2. Suppose 3*t - 2*b + 25 = -0*t, 3*b = 15. Determine k(t).
-4
Let u(o) = -7*o**3 + 36*o**2 + 49*o - 10. Let g(s) = -11*s**3 + 54*s**2 + 74*s - 14. Let p(b) = -5*g(b) + 8*u(b). Calculate p(19).
47
Suppose -5*n + 43 - 33 = 0. Let c(i) = -8 - 36*i**2 + 17*i**2 + i + 20*i**n. Let m(z) = -z**2 - 2*z + 7. Let a(v) = 3*c(v) + 4*m(v). Determine a(-6).
-2
Let i(b) = -b**3 - 2*b**2 + b. Let k be (((-1998)/(-24))/9)/((-2)/(-8)). Let h = 42 - k. Suppose h*x = 3*a - 30, -5*a + 16 = -x + 4*x. Calculate i(x).
6
Let b be (-2)/13 + (-43610)/2314 - -5. Let z(i) = i**3 + 12*i**2 - 27*i + 15. Give z(b).
1
Suppose -2*c - o + 11 = 0, -7*o + 3*o = 2*c - 20. Let u(i) = 6 - c*i + 5 + 5 - 12. Determine u(3).
-8
Let p(z) = 0*z + 3 + z + 3. Let q(s) = -41. Let b(u) = 33. Let l(c) = -5*b(c) - 4*q(c). Let r(j) = -6*l(j) - p(j). Give r(2).
-2
Let h be (-5)/5*(1 + -6). Let o(k) be the first derivative of k**5/20 - 5*k**4/12 + k**2/2 - 51*k + 62. Let x(l) be the first derivative of o(l). What is x(h)?
1
Let j(s) = 5. Let w(f) = 0*f - 4 - f - 5. Let q(x) = -x**3 - 9*x**2 - 21*x - 11. Let a be q(-6). Let h(p) = a*j(p) + 3*w(p). What is h(7)?
-13
Let n = -24 + 49. Let r(q) = 20*q - 2140. Let j be r(107). Suppose o - x = x - 10, j = 5*x - n. Let f(h) = -h + 23. Determine f(o).
23
Let k(x) = -x**3 + 11*x**2 - 7*x + 6. Let u = -196 + 204. Determine k(u).
142
Let q(s) = -s**2 + 5*s + 5. Let i(t) = t + 16. Let f be i(-4). Let a(l) = -2*l**2 + 27*l - 29. Let c be a(f). Give q(c).
-9
Let w(k) = -k**2 - 10*k + 6. Suppose -x = -4*v - 42, v + 6 = -0*v - 2*x. Let f be w(v). Let z(s) = 0 - 3*s + 7*s + f*s + 2. Give z(-2).
-18
Let a(w) be the third derivative of -3*w**5/20 - 3*w**4/4 - 2*w**3/3 + 10243*w**2. Calculate a(-2).
-4
Suppose -8*d = -d + 28. Let p(t) = -3*t**3 - 4*t**2 + 3*t - 2. Let g(l) = -7*l**3 - 9*l**2 + 7*l - 4. Let q(c) = d*g(c) + 9*p(c). What is q(-2)?
-8
Let g(p) = -22*p**2 - p. Suppose 0*k + 4773 = 43*k. Let b = k + -110. Calculate g(b).
-23
Let r(b) = b**3 - 3*b - 3. Suppose y + 9*x - 7*x = 3, -4*y + 2*x - 18 = 0. Give r(y).
-21
Let q(x) = x - 35. Let w be (-13 + 1)/(8/(-6))*(2 + 1). Give q(w).
-8
Let t(i) = 45*i**2 - 593*i - 120. Let j(y) = -16*y**2 + 198*y + 41. Let q(c) = 8*j(c) + 3*t(c). Determine q(28).
-4
Let r(n) = 13 - 4 + 0*n**2 + n**3 - 6*n**2 - 3*n. Let d = -51 + 55. Let c be 10 - (-18 - -10)*(-2)/d. Calculate r(c).
-9
Suppose -16*i - 10 = -18*i - 2*w, 2*w = -3*i + 17. Let l(s) = s**2 - 7*s - 5. Determine l(i).
-5
Let l = -4 + 2. Let g(h) be the third derivative of 0 - 32*h**2 + 0*h - 1/2*h**3 - 1/4*h**4. Give g(l).
9
Suppose 213*p + b + 36 = 210*p, -b = -4*p - 62. Let r(k) = -k - 23. Determine r(p).
-9
Let k(v) = -1 - 33*v + 60*v - 26*v. Let m(i) = 6*i - 8. Let b(n) = -n**2 - 23*n - 19. Let q be b(-22). Let g(l